vide 1044?
True
Is 22 a factor of 23486?
False
Is 52 a factor of 178724?
True
Does 89 divide 102075?
False
Is 187703 a multiple of 13?
False
Does 197 divide 759829?
True
Does 356 divide 91136?
True
Does 7 divide 3538753?
False
Is 870043 a multiple of 19?
False
Is 38048 a multiple of 8?
True
Is 128547 a multiple of 51?
False
Does 149 divide 435825?
True
Is 431 a factor of 44679?
False
Is 69271 a multiple of 14?
False
Is 160875 a multiple of 15?
True
Is 31 a factor of 424037?
False
Is 12 a factor of 398465?
False
Is 159 a factor of 239772?
True
Is 132 a factor of 2680788?
True
Is 10 a factor of 8351923?
False
Is 139245 a multiple of 12?
False
Is 12871759 a multiple of 33?
False
Does 41 divide 60188?
True
Is 196 a factor of 450604?
True
Is 14710 even?
True
Is 20 a factor of 680349?
False
Does 261 divide 2970098?
False
Is 1936619 a multiple of 5?
False
Is 4699846 a multiple of 181?
True
Is 3685816 a multiple of 131?
True
Is 35 a factor of 6316149?
False
Does 57 divide 2018167?
False
Does 89 divide 270163?
False
Is 2989 a multiple of 21?
False
Does 190 divide 970019?
False
Is 1128463 a multiple of 337?
False
Is 19 a factor of 404310?
False
Is 1648107 a multiple of 27?
True
Is 31 a factor of 2665194?
True
Does 6 divide 1190069?
False
Is 51111 a multiple of 104?
False
Is 46 a factor of 6853394?
False
Is 84 a factor of 73332?
True
Is 181 a factor of 4638201?
False
Is 8520977 a multiple of 302?
False
Does 66 divide 18227927?
False
Does 22 divide 66363?
False
Is 13 a factor of 42679819?
True
Is 28804 a multiple of 203?
False
Is 241668 a multiple of 8?
False
Is 13 a factor of 8203?
True
Is 28 a factor of 19732?
False
Does 68 divide 20562134?
False
Does 8 divide 4169976?
True
Is 25 a factor of 707000?
True
Is 834450 a multiple of 15?
True
Is 35391 a multiple of 10?
False
Is 843660 a multiple of 387?
True
Is 81 a factor of 238059?
True
Is 6 a factor of 51149?
False
Is 261 a factor of 811710?
True
Is 60872 a multiple of 4?
True
Is 3750343 a multiple of 35?
False
Is 3350584 a multiple of 14?
False
Is 60 a factor of 58121?
False
Does 13 divide 2039225?
False
Does 6 divide 306285?
False
Is 30 a factor of 223710?
True
Is 308601 a multiple of 57?
False
Is 679405 a multiple of 17?
True
Is 229 a factor of 209993?
True
Is 1064033 a multiple of 5?
False
Is 56 a factor of 1604000?
False
Does 197 divide 115442?
True
Is 11378432 a multiple of 13?
True
Is 1438630 a multiple of 10?
True
Is 2 a factor of 144015?
False
Does 8 divide 731758?
False
Is 529 a factor of 148288?
False
Is 117 a factor of 21879?
True
Is 11 a factor of 62282?
True
Does 7 divide 91035?
True
Is 21346617 a multiple of 80?
False
Does 23 divide 58696?
True
Is 1242952 a multiple of 4?
True
Is 264917 a multiple of 39?
False
Is 614 a factor of 4594658?
False
Does 3 divide 96782?
False
Is 160 a factor of 3417280?
True
Is 319 a factor of 144773?
False
Is 200 a factor of 567600?
True
Does 507 divide 936061?
False
Is 10 a factor of 8158150?
True
Does 88 divide 3025427?
False
Does 20 divide 54951?
False
Is 1932209 a multiple of 30?
False
Is 1381766 a multiple of 352?
False
Is 468 a factor of 13057067?
False
Is 48 a factor of 1043161?
False
Is 24 a factor of 12219840?
True
Is 248207 a multiple of 29?
False
Is 2557567 a multiple of 6?
False
Does 35 divide 152040?
True
Does 4 divide 74672?
True
Is 57864 a multiple of 24?
True
Does 206 divide 97400?
False
Is 159 a factor of 237228?
True
Is 118143 a multiple of 5?
False
Is 8 a factor of 3716880?
True
Is 949674 a multiple of 423?
False
Is 59 a factor of 199780?
False
Is 173 a factor of 205524?
True
Is 42847 even?
False
Does 547 divide 326272?
False
Is 39 a factor of 1244724?
True
Does 645 divide 819420?
False
Does 79 divide 313314?
True
Is 54 a factor of 134190?
True
Is 179 a factor of 1266744?
False
Is 241433 a multiple of 449?
False
Does 64 divide 344448?
True
Does 61 divide 1700301?
False
Is 3 a factor of 74439?
True
Does 9 divide 2420672?
False
Does 84 divide 15249855?
False
Does 181 divide 117560?
False
Does 4 divide 318583?
False
Is 152440 a multiple of 22?
False
Does 36 divide 162972?
True
Does 102 divide 76903?
False
Does 2 divide 133183?
False
Is 343362 a multiple of 103?
False
Does 11 divide 4453548?
True
Does 25 divide 259731?
False
Is 1086419 a multiple of 70?
False
Is 44 a factor of 234608?
True
Is 872280 a multiple of 40?
True
Is 27813 a multiple of 23?
False
Is 6560789 a multiple of 435?
False
Is 2024352 a multiple of 648?
True
Is 1650875 a multiple of 90?
False
Is 3740 a multiple of 220?
True
Does 18 divide 12293550?
True
Is 14 a factor of 61852?
True
Is 182976 a multiple of 38?
False
Does 44 divide 97673?
False
Does 31 divide 101963?
False
Is 68069 a multiple of 43?
True
Is 17 a factor of 288949?
True
Is 293384 a multiple of 26?
True
Is 903667 a multiple of 3?
False
Is 837 a factor of 790724?
False
Is 28556 a multiple of 6?
False
Is 30 a factor of 59400?
True
Is 176 a factor of 3953726?
False
Is 17858 a multiple of 50?
False
Is 14 a factor of 5511226?
True
Does 24 divide 6454056?
True
Does 108 divide 1774106?
False
Is 39 a factor of 151242?
True
Is 374 a factor of 95432?
False
Is 4 a factor of 135388?
True
Is 3928100 a multiple of 1136?
False
Is 4866983 a multiple of 551?
True
Is 5993963 a multiple of 37?
True
Does 51 divide 87987?
False
Is 8 a factor of 387646?
False
Is 15 a factor of 141720?
True
Is 46083 a multiple of 97?
False
Does 37 divide 8635465?
False
Is 9 a factor of 337946?
False
Is 21 a factor of 79506?
True
Is 447655 a multiple of 97?
True
Is 173 a factor of 147915?
True
Does 15 divide 33083290?
False
Is 3 a factor of 67834?
False
Is 5 a factor of 576010?
True
Is 58 a factor of 382684?
True
Is 4128636 a multiple of 32?
False
Is 3222422 a multiple of 826?
False
Is 36 a factor of 867969?
False
Does 138 divide 577524?
False
Is 242034 a multiple of 214?
True
Is 2703879 a multiple of 734?
False
Is 3650658 a multiple of 13?
False
Is 3709681 a multiple of 1423?
False
Is 6505488 a multiple of 36?
True
Does 20 divide 26960?
True
Does 12 divide 24677?
False
Is 91 a factor of 167595?
False
Is 15 a factor of 13612370?
False
Is 3976155 a multiple of 284?
False
Does 156 divide 1603056?
True
Is 1655260 a multiple of 10?
True
Is 121 a factor of 156717?
False
Is 11 a factor of 94688?
True
Is 51 a factor of 472923?
True
Is 374774 a multiple of 573?
False
Is 722646 a multiple of 171?
True
Does 327 divide 198694?
False
Is 31520 a multiple of 10?
True
Does 20 divide 53840?
True
Is 265062 a multiple of 21?
True
Is 684148 a multiple of 17?
True
Is 3826 a multiple of 19?
False
Is 8 a factor of 134568?
True
Is 859553 a multiple of 409?
False
Is 667282 a multiple of 49?
True
Is 1868790 a multiple of 95?
False
Is 59070 a multiple of 55?
True
Is 4 a factor of 112995?
False
Is 23422476 a multiple of 84?
True
Does 13 divide 243009?
True
Does 2 divide 93403?
False
Is 106228 a multiple of 4?
True
Is 10 a factor of 987861?
False
Is 1117299 a multiple of 58?
False
Is 48 a factor of 87264?
True
Is 138 a factor of 3084733?
False
Does 32 divide 1719415?
False
Is 19794612 a multiple of 191?
False
Is 1340986 a multiple of 49?
False
Is 20445 a multiple of 141?
True
Is 31 a factor of 332041?
True
Is 30 a factor of 32414?
False
Is 2 a factor of 7999?
False
Does 20 divide 144411?
False
Is 9286493 a multiple of 2391?
False
Is 16180688 a multiple of 675?
False
Is 98469 a multiple of 189?
True
Does 235 divide 638081?
False
Is 14 a factor of 337008?
True
Is 146046 a multiple of 95?
False
Is 95 a factor of 2010105?
True
Does 7 divide 11254964?
True
Does 37 divide 184779?
False
Does 12 divide 42603?
False
Is 109 a factor of 154578?
False
Does 75 divide 346795?
False
Is 2933189 a multiple of 266?
False
Is 38930 a multiple of 85?
True
Is 4142982 a multiple of 17?
False
Does 2 divide 27408?
True
Is 718 a factor of 1851004?
True
Does 122 divide 247050?
True
Is 206640 a multiple of 180?
True
Does 97 divide 23571?
True
Is 9695336 a multiple of 8?
True
Is 1862800 a multiple of 89?
False
Is 849008 a multiple of 18?
False
Is 286 a factor of 695838?
True
Is 3889704 a multiple of 42?
True
Does 35 divide 9223750?
False
Is 5924308 a multiple of 1292?
False
Is 44 a factor of 11115500?
True
Is 998576 a multiple of 24?
False
Does 47 divide 53274?
False
Does 1414 divide 1544088?
True
Does 15 divid